{"id":619,"date":"2023-08-31T19:48:15","date_gmt":"2023-08-31T19:48:15","guid":{"rendered":"https:\/\/offborderhill.be\/?page_id=619"},"modified":"2023-12-12T14:59:38","modified_gmt":"2023-12-12T14:59:38","slug":"op-rust-2","status":"publish","type":"page","link":"https:\/\/offborderhill.be\/index.php\/op-rust-2\/","title":{"rendered":"Op rust"},"content":{"rendered":"<div class=\"wpb-content-wrapper\"><p>[vc_row css=&#8221;.vc_custom_1671196035757{margin-top: 50px !important;}&#8221;][vc_column][vc_column_text]<span class=\"color_11\"><span>Gezondheid en welzijn staat centraal. Al onze honden zijn getest op erfelijke aandoeningen en worden geregistreerd in het stamboek.<\/span><\/span><\/p>\n<p>Klik voor meer informatie op \u00e9\u00e9n van onderstaande honden.[\/vc_column_text][\/vc_column][\/vc_row][vc_row][vc_column width=&#8221;1\/4&#8243;][vc_single_image image=&#8221;790&#8243; img_size=&#8221;full&#8221;][\/vc_column][vc_column width=&#8221;3\/4&#8243;][vc_custom_heading text=&#8221;A Red Revenge v Benvenidas Joy&#8221; font_container=&#8221;tag:h4|text_align:left&#8221;][vc_btn title=&#8221;Meer info&#8221; link=&#8221;url:https%3A%2F%2Foffborderhill.be%2Findex.php%2Fmazures-border-collies%2Fonze-honden%2Fa-red-revenge-v-benvenidas-joy%2F|title:Mazures%20One%20for%20Rublisie%20Thorin&#8221;][\/vc_column][\/vc_row][vc_row][vc_column][vc_separator style=&#8221;shadow&#8221;][\/vc_column][\/vc_row][vc_row][vc_column width=&#8221;1\/4&#8243;][vc_single_image image=&#8221;794&#8243; img_size=&#8221;full&#8221;][\/vc_column][vc_column width=&#8221;3\/4&#8243;][vc_custom_heading text=&#8221;Mazures Qute as can Bee&#8221; font_container=&#8221;tag:h4|text_align:left&#8221;][vc_btn title=&#8221;Meer info&#8221; link=&#8221;url:https%3A%2F%2Foffborderhill.be%2Findex.php%2Fmazures-qute-as-can-bee-qubee-retired%2F|title:Mazures%20One%20for%20Rublisie%20Thorin&#8221;][\/vc_column][\/vc_row][vc_row][vc_column][vc_separator style=&#8221;shadow&#8221;][\/vc_column][\/vc_row][vc_row][vc_column width=&#8221;1\/4&#8243;][vc_single_image image=&#8221;791&#8243; img_size=&#8221;full&#8221;][\/vc_column][vc_column width=&#8221;3\/4&#8243;][vc_custom_heading text=&#8221;Mazures Miracle Girl&#8221; font_container=&#8221;tag:h4|text_align:left&#8221;][vc_btn title=&#8221;Meer info&#8221; link=&#8221;url:https%3A%2F%2Foffborderhill.be%2Findex.php%2Fmazures-border-collies%2Fonze-honden%2Fmazures-miracle-girl%2F|title:Mazures%20One%20for%20Rublisie%20Thorin&#8221;][\/vc_column][\/vc_row][vc_row][vc_column][vc_separator style=&#8221;shadow&#8221;][\/vc_column][\/vc_row][vc_row][vc_column width=&#8221;1\/4&#8243;][vc_single_image image=&#8221;795&#8243; img_size=&#8221;full&#8221;][\/vc_column][vc_column width=&#8221;3\/4&#8243;][vc_custom_heading text=&#8221;Mazures One for Rublisie Thorin&#8221; font_container=&#8221;tag:h4|text_align:left&#8221;][vc_btn title=&#8221;Meer info&#8221; link=&#8221;url:https%3A%2F%2Foffborderhill.be%2Findex.php%2Fmazures-border-collies%2Fonze-honden%2Fmazures-one-for-rublisie-thorin%2F|title:A%20Red%20Revenge%20v%20Benvenidas%20Joy&#8221;][\/vc_column][\/vc_row]<\/p>\n<\/div>","protected":false},"excerpt":{"rendered":"<p>[vc_row css=&#8221;.vc_custom_1671196035757{margin-top: 50px !important;}&#8221;][vc_column][vc_column_text]Gezondheid en welzijn staat centraal. Al onze honden zijn getest op erfelijke aandoeningen en worden geregistreerd in het stamboek. Klik voor meer informatie op \u00e9\u00e9n van onderstaande honden.[\/vc_column_text][\/vc_column][\/vc_row][vc_row][vc_column width=&#8221;1\/4&#8243;][vc_single_image image=&#8221;790&#8243; img_size=&#8221;full&#8221;][\/vc_column][vc_column width=&#8221;3\/4&#8243;][vc_custom_heading text=&#8221;A Red Revenge v Benvenidas Joy&#8221; font_container=&#8221;tag:h4|text_align:left&#8221;][vc_btn title=&#8221;Meer info&#8221; link=&#8221;url:https%3A%2F%2Foffborderhill.be%2Findex.php%2Fmazures-border-collies%2Fonze-honden%2Fa-red-revenge-v-benvenidas-joy%2F|title:Mazures%20One%20for%20Rublisie%20Thorin&#8221;][\/vc_column][\/vc_row][vc_row][vc_column][vc_separator style=&#8221;shadow&#8221;][\/vc_column][\/vc_row][vc_row][vc_column width=&#8221;1\/4&#8243;][vc_single_image image=&#8221;794&#8243; img_size=&#8221;full&#8221;][\/vc_column][vc_column width=&#8221;3\/4&#8243;][vc_custom_heading [&hellip;]<\/p>\n","protected":false},"author":1,"featured_media":0,"parent":0,"menu_order":0,"comment_status":"closed","ping_status":"closed","template":"","meta":{"_nl_post_content":"[vc_row css=\".vc_custom_1671196035757{margin-top: 50px !important;}\"][vc_column][vc_column_text]<span class=\"color_11\"><span>Gezondheid en welzijn staat centraal. Al onze honden zijn getest op erfelijke aandoeningen en worden geregistreerd in het stamboek.<\/span><\/span>\r\n\r\nKlik voor meer informatie op \u00e9\u00e9n van onderstaande honden.[\/vc_column_text][\/vc_column][\/vc_row][vc_row][vc_column width=\"1\/4\"][vc_single_image image=\"790\" img_size=\"full\"][\/vc_column][vc_column width=\"3\/4\"][vc_custom_heading text=\"A Red Revenge v Benvenidas Joy\" font_container=\"tag:h4|text_align:left\"][vc_btn title=\"Meer info\" link=\"url:https%3A%2F%2Foffborderhill.be%2Findex.php%2Fmazures-border-collies%2Fonze-honden%2Fa-red-revenge-v-benvenidas-joy%2F|title:Mazures%20One%20for%20Rublisie%20Thorin\"][\/vc_column][\/vc_row][vc_row][vc_column][vc_separator style=\"shadow\"][\/vc_column][\/vc_row][vc_row][vc_column width=\"1\/4\"][vc_single_image image=\"794\" img_size=\"full\"][\/vc_column][vc_column width=\"3\/4\"][vc_custom_heading text=\"Mazures Qute as can Bee\" font_container=\"tag:h4|text_align:left\"][vc_btn title=\"Meer info\" link=\"url:https%3A%2F%2Foffborderhill.be%2Findex.php%2Fmazures-qute-as-can-bee-qubee-retired%2F|title:Mazures%20One%20for%20Rublisie%20Thorin\"][\/vc_column][\/vc_row][vc_row][vc_column][vc_separator style=\"shadow\"][\/vc_column][\/vc_row][vc_row][vc_column width=\"1\/4\"][vc_single_image image=\"791\" img_size=\"full\"][\/vc_column][vc_column width=\"3\/4\"][vc_custom_heading text=\"Mazures Miracle Girl\" font_container=\"tag:h4|text_align:left\"][vc_btn title=\"Meer info\" link=\"url:https%3A%2F%2Foffborderhill.be%2Findex.php%2Fmazures-border-collies%2Fonze-honden%2Fmazures-miracle-girl%2F|title:Mazures%20One%20for%20Rublisie%20Thorin\"][\/vc_column][\/vc_row][vc_row][vc_column][vc_separator style=\"shadow\"][\/vc_column][\/vc_row][vc_row][vc_column width=\"1\/4\"][vc_single_image image=\"795\" img_size=\"full\"][\/vc_column][vc_column width=\"3\/4\"][vc_custom_heading text=\"Mazures One for Rublisie Thorin\" font_container=\"tag:h4|text_align:left\"][vc_btn title=\"Meer info\" link=\"url:https%3A%2F%2Foffborderhill.be%2Findex.php%2Fmazures-border-collies%2Fonze-honden%2Fmazures-one-for-rublisie-thorin%2F|title:A%20Red%20Revenge%20v%20Benvenidas%20Joy\"][\/vc_column][\/vc_row]","_nl_post_name":"op-rust-2","_nl_post_excerpt":"","_nl_post_title":"Op rust","_en_post_content":"[vc_row css=\".vc_custom_1671196035757{margin-top: 50px !important;}\"][vc_column][vc_column_text]Health and well-being are central. All our dogs have been tested for hereditary conditions and are registered in the studbook.\r\n\r\nClick on one of the dogs below for more information.[\/vc_column_text][\/vc_column][\/vc_row][vc_row][vc_column width=\"1\/4\"][vc_single_image image=\"790\" img_size=\"full\"][\/vc_column][vc_column width=\"3\/4\"][vc_custom_heading text=\"A Red Revenge v Benvenidas Joy\" font_container=\"tag:h4|text_align:left\"][vc_btn title=\"More info\" link=\"url:https%3A%2F%2Foffborderhill.be%2Findex.php%2Fmazures-border-collies%2Fonze-honden%2Fa-red-revenge-v-benvenidas-joy%2F|title:Mazures%20One%20for%20Rublisie%20Thorin\"][\/vc_column][\/vc_row][vc_row][vc_column][vc_separator style=\"shadow\"][\/vc_column][\/vc_row][vc_row][vc_column width=\"1\/4\"][vc_single_image image=\"794\" img_size=\"full\"][\/vc_column][vc_column width=\"3\/4\"][vc_custom_heading text=\"Mazures Qute as can Bee\" font_container=\"tag:h4|text_align:left\"][vc_btn title=\"More info\" link=\"url:https%3A%2F%2Foffborderhill.be%2Findex.php%2Fmazures-qute-as-can-bee-qubee-retired%2F|title:Mazures%20One%20for%20Rublisie%20Thorin\"][\/vc_column][\/vc_row][vc_row][vc_column][vc_separator style=\"shadow\"][\/vc_column][\/vc_row][vc_row][vc_column width=\"1\/4\"][vc_single_image image=\"791\" img_size=\"full\"][\/vc_column][vc_column width=\"3\/4\"][vc_custom_heading text=\"Mazures Miracle Girl\" font_container=\"tag:h4|text_align:left\"][vc_btn title=\"More info\" link=\"url:https%3A%2F%2Foffborderhill.be%2Findex.php%2Fmazures-border-collies%2Fonze-honden%2Fmazures-miracle-girl%2F|title:Mazures%20One%20for%20Rublisie%20Thorin\"][\/vc_column][\/vc_row][vc_row][vc_column][vc_separator style=\"shadow\"][\/vc_column][\/vc_row][vc_row][vc_column width=\"1\/4\"][vc_single_image image=\"795\" img_size=\"full\"][\/vc_column][vc_column width=\"3\/4\"][vc_custom_heading text=\"Mazures One for Rublisie Thorin\" font_container=\"tag:h4|text_align:left\"][vc_btn title=\"More info\" link=\"url:https%3A%2F%2Foffborderhill.be%2Findex.php%2Fmazures-border-collies%2Fonze-honden%2Fmazures-one-for-rublisie-thorin%2F|title:A%20Red%20Revenge%20v%20Benvenidas%20Joy\"][\/vc_column][\/vc_row]","_en_post_name":"oldies","_en_post_excerpt":"","_en_post_title":"Oldies","_fr_post_content":"[vc_row css=\".vc_custom_1671196035757{margin-top: 50px !important;}\"][vc_column][vc_column_text]La sant\u00e9 et le bien-\u00eatre sont centraux. Tous nos chiens ont \u00e9t\u00e9 test\u00e9s pour les maladies h\u00e9r\u00e9ditaires et sont inscrits au stud-book.\r\n\r\nCliquez sur l'un des chiens ci-dessous pour plus d'informations.[\/vc_column_text][\/vc_column][\/vc_row][vc_row][vc_column width=\"1\/4\"][vc_single_image image=\"790\" img_size=\"full\"][\/vc_column][vc_column width=\"3\/4\"][vc_custom_heading text=\"A Red Revenge v Benvenidas Joy\" font_container=\"tag:h4|text_align:left\"][vc_btn title=\"Plus d'infos\" link=\"url:https%3A%2F%2Foffborderhill.be%2Findex.php%2Fmazures-border-collies%2Fonze-honden%2Fa-red-revenge-v-benvenidas-joy%2F|title:Mazures%20One%20for%20Rublisie%20Thorin\"][\/vc_column][\/vc_row][vc_row][vc_column][vc_separator style=\"shadow\"][\/vc_column][\/vc_row][vc_row][vc_column width=\"1\/4\"][vc_single_image image=\"794\" img_size=\"full\"][\/vc_column][vc_column width=\"3\/4\"][vc_custom_heading text=\"Mazures Qute as can Bee\" font_container=\"tag:h4|text_align:left\"][vc_btn title=\"Plus d'infos\" link=\"url:https%3A%2F%2Foffborderhill.be%2Findex.php%2Fmazures-qute-as-can-bee-qubee-retired%2F|title:Mazures%20One%20for%20Rublisie%20Thorin\"][\/vc_column][\/vc_row][vc_row][vc_column][vc_separator style=\"shadow\"][\/vc_column][\/vc_row][vc_row][vc_column width=\"1\/4\"][vc_single_image image=\"791\" img_size=\"full\"][\/vc_column][vc_column width=\"3\/4\"][vc_custom_heading text=\"Mazures Miracle Girl\" font_container=\"tag:h4|text_align:left\"][vc_btn title=\"Plus d'infos\" link=\"url:https%3A%2F%2Foffborderhill.be%2Findex.php%2Fmazures-border-collies%2Fonze-honden%2Fmazures-miracle-girl%2F|title:Mazures%20One%20for%20Rublisie%20Thorin\"][\/vc_column][\/vc_row][vc_row][vc_column][vc_separator style=\"shadow\"][\/vc_column][\/vc_row][vc_row][vc_column width=\"1\/4\"][vc_single_image image=\"795\" img_size=\"full\"][\/vc_column][vc_column width=\"3\/4\"][vc_custom_heading text=\"Mazures One for Rublisie Thorin\" font_container=\"tag:h4|text_align:left\"][vc_btn title=\"Plus d'infos\" link=\"url:https%3A%2F%2Foffborderhill.be%2Findex.php%2Fmazures-border-collies%2Fonze-honden%2Fmazures-one-for-rublisie-thorin%2F|title:A%20Red%20Revenge%20v%20Benvenidas%20Joy\"][\/vc_column][\/vc_row]","_fr_post_name":"en-retraite","_fr_post_excerpt":"","_fr_post_title":"Retraite chiens","edit_language":"nl","footnotes":""},"class_list":["post-619","page","type-page","status-publish","hentry"],"_links":{"self":[{"href":"https:\/\/offborderhill.be\/index.php\/wp-json\/wp\/v2\/pages\/619","targetHints":{"allow":["GET"]}}],"collection":[{"href":"https:\/\/offborderhill.be\/index.php\/wp-json\/wp\/v2\/pages"}],"about":[{"href":"https:\/\/offborderhill.be\/index.php\/wp-json\/wp\/v2\/types\/page"}],"author":[{"embeddable":true,"href":"https:\/\/offborderhill.be\/index.php\/wp-json\/wp\/v2\/users\/1"}],"replies":[{"embeddable":true,"href":"https:\/\/offborderhill.be\/index.php\/wp-json\/wp\/v2\/comments?post=619"}],"version-history":[{"count":6,"href":"https:\/\/offborderhill.be\/index.php\/wp-json\/wp\/v2\/pages\/619\/revisions"}],"predecessor-version":[{"id":788,"href":"https:\/\/offborderhill.be\/index.php\/wp-json\/wp\/v2\/pages\/619\/revisions\/788"}],"wp:attachment":[{"href":"https:\/\/offborderhill.be\/index.php\/wp-json\/wp\/v2\/media?parent=619"}],"curies":[{"name":"wp","href":"https:\/\/api.w.org\/{rel}","templated":true}]}}